
-17aa3 (base 12) to base 9
-52156
Convert 1388 (base 12) to base 8.
4330
41467 (base 9) to base 11
19611
-364 (base 14) to base 15
-301
What is 320233 (base 5) in base 10?
10693
What is -1241541 (base 6) in base 7?
-401464
What is 25606 (base 7) in base 12?
3b41
Convert 2024 (base 6) to base 3.
121121
-7bd5 (base 15) to base 12
-13278
What is 1101052 (base 6) in base 11?
3809a
Convert -11511 (base 10) to base 11.
-8715
What is -284 (base 15) in base 2?
-1000111110
2067 (base 12) to base 9
4757
Convert -11041 (base 5) to base 6.
-3323
2b1 (base 15) to base 13
385
What is -746 (base 15) in base 11?
-1262
What is -185 (base 15) in base 12?
-252
-226a (base 11) to base 2
-101110100100
2011 (base 12) to base 11
2674
Convert 2731 (base 10) to base 5.
41411
What is -12012 (base 3) in base 10?
-140
What is 1122211212 (base 3) in base 10?
32693
What is 110102221 (base 3) in base 4?
2031232
-86a2 (base 13) to base 4
-10210202
Convert 12310032 (base 4) to base 2.
110110100001110
-68226 (base 9) to base 2
-1011000101001000
312f (base 16) to base 15
3ae6
What is -11000221112 (base 3) in base 12?
-39b65
What is -3d6 (base 14) in base 9?
-1052
Convert 603 (base 11) to base 16.
2d9
Convert -22b9 (base 16) to base 8.
-21271
-22c7 (base 13) to base 11
-3750
Convert 31145 (base 7) to base 3.
101110112
Convert -1024 (base 12) to base 11.
-1357
Convert -29b (base 14) to base 2.
-1000010001
-2b4 (base 15) to base 8
-1153
2143 (base 6) to base 7
1305
What is -400031 (base 6) in base 15?
-934d
What is 1211 (base 5) in base 7?
346
-1210112000 (base 3) to base 12
-18576
What is -20323 (base 4) in base 15?
-281
Convert -34 (base 9) to base 4.
-133
Convert 1121441 (base 5) to base 11.
14236
What is 24c1 (base 13) in base 7?
21145
32a (base 14) to base 9
765
Convert 10001000011 (base 2) to base 5.
13331
Convert 1175 (base 8) to base 16.
27d
Convert 4296 (base 15) to base 3.
201022220
What is -12398 (base 10) in base 3?
-122000012
1338 (base 9) to base 3
1101022
What is -3234 (base 5) in base 3?
-121110
-33023 (base 5) to base 9
-3084
Convert 752 (base 9) to base 3.
211202
Convert 307 (base 12) to base 13.
27a
Convert -2499 (base 14) to base 16.
-1907
What is -20123 (base 5) in base 13?
-781
What is -1342221 (base 5) in base 4?
-12302203
Convert 210203 (base 5) to base 11.
5229
-1031314 (base 5) to base 15
-53a9
Convert da (base 15) to base 6.
541
Convert 14d1 (base 14) to base 15.
1176
10001111011011 (base 2) to base 8
21733
What is 1325 (base 6) in base 13?
203
120213 (base 6) to base 2
10100011010001
What is -171 (base 14) in base 16?
-127
What is -120212101 (base 3) in base 5?
-332231
What is 3a0 (base 15) in base 2?
1100111001
What is -97 (base 10) in base 13?
-76
Convert 446 (base 16) to base 6.
5022
Convert -1583 (base 12) to base 14.
-cdd
-344 (base 9) to base 8
-433
-11001010110 (base 2) to base 15
-732
Convert 25136 (base 7) to base 8.
14701
Convert 2461 (base 7) to base 14.
4a1
Convert 18623 (base 15) to base 6.
1405440
What is 4126 (base 8) in base 12?
129a
16c4b (base 14) to base 4
31333103
What is 240 (base 12) in base 15?
176
1100100010011 (base 2) to base 10
6419
Convert 316a (base 12) to base 3.
21102101
What is -1266 (base 8) in base 9?
-851
1557 (base 10) to base 16
615
-a0a (base 11) to base 14
-632
What is 726 (base 8) in base 2?
111010110
-d62 (base 16) to base 5
-102201
-9b (base 16) to base 15
-a5
204 (base 6) to base 3
2211
What is -35201 (base 8) in base 16?
-3a81
What is 146 (base 11) in base 3?
20100
What is 3723 (base 9) in base 15?
c50
What is -4324 (base 6) in base 13?
-5b0
What is -98a (base 11) in base 6?
-5255
What is 4041200 (base 5) in base 9?
108356
What is -103214 (base 5) in base 10?
-3559
Convert 23200 (base 9) to base 14.
58d1
-111303 (base 4) to base 3
-1220200
What is 110000111000 (base 2) in base 11?
2394
Convert -100312 (base 4) to base 14.
-570
9222 (base 14) to base 16
621e
111247 (base 9) to base 10
66544
Convert -1482 (base 14) to base 7.
-13422
What is -202013 (base 4) in base 8?
-4207
Convert a533 (base 13) to base 12.
11289
-6f (base 16) to base 8
-157
104313 (base 5) to base 13
18c3
6e1 (base 15) to base 16
619
46171 (base 8) to base 14
71c5
What is 303 (base 11) in base 3?
111120
What is 23117 (base 8) in base 13?
4605
Convert -73 (base 8) to base 5.
-214
Convert 1064 (base 8) to base 11.
473
What is -67a (base 11) in base 9?
-1103
-12 (base 5) to base 3
-21
-1101100110 (base 2) to base 11
-721
2120011 (base 3) to base 6
12351
What is -32a8 (base 14) in base 11?
-6655
-377 (base 8) to base 4
-3333
Convert -143335 (base 8) to base 13.
-1a231
Convert -1333 (base 4) to base 15.
-87
624 (base 10) to base 9
763
11000001100 (base 2) to base 14
7c8
What is -2404 (base 9) in base 4?
-123322
13db (base 14) to base 13
17b2
What is 3465 (base 7) in base 10?
1272
Convert -8495 (base 11) to base 4.
-2233210
Convert 22084 (base 10) to base 9.
33257
What is 71485 (base 10) in base 2?
10001011100111101
-123223 (base 5) to base 2
-1001011001101
What is 22450 (base 10) in base 3?
1010210111
What is -703 (base 13) in base 11?
-989
Convert -10022 (base 6) to base 3.
-1210112
Convert -12d (base 14) to base 6.
-1033
Convert 3276 (base 8) to base 16.
6be
Convert 111001101011 (base 2) to base 4.
321223
-11322013 (base 4) to base 12
-12007
102224 (base 5) to base 7
13012
Convert -309 (base 14) to base 10.
-597
20022 (base 3) to base 11
145
-1041 (base 11) to base 10
-1376
Convert -8cf (base 16) to base 13.
-1046
Convert -103113113 (base 4) to base 10.
-79319
7da (base 16) to base 5
31020
-15045 (base 6) to base 10
-2405
-23a40 (base 13) to base 11
-451a5
Convert 5483 (base 9) to base 10.
4044
What is db (base 15) in base 2?
11001110
What is 12110201 (base 3) in base 16?
f94
What is -24101 (base 6) in base 7?
-13120
-41087 (base 9) to base 15
-8037
-15710 (base 10) to base 12
-9112
What is -6acd (base 15) in base 11?
-16060
-20853 (base 9) to base 11
-a422
What is 1340 (base 5) in base 3?
22011
371 (base 13) to base 14
30b
Convert 61 (base 8) to base 4.
301
-2551 (base 15) to base 4
-1330033
111202 (base 6) to base 7
36203
What is -bc7 (base 15) in base 16?
-a66
Convert -5107 (base 13) to base 9.
-16271
-53235 (base 6) to base 11
-5477
-e4 (base 16) to base 5
-1403
What is -a0 (base 14) in base 15?
-95
Convert 38 (base 9) to base 12.
2b
Convert 3106 (base 15) to base 7.
42123
What is -971 (base 11) in base 2?
-10010001111
What is -1010011011 (base 2) in base 8?
-1233
What is -100332 (base 4) in base 9?
-1436
Convert 13601 (base 7) to base 13.
1907
Convert -1000001111 (base 2) to base 5.
-4102
-33324 (base 6) to base 16
-1234
Convert -433410 (base 5) to base 11.
-10185
What is 1011100010111 (base 2) in base 9?
8087
Convert -222c (base 14) to base 7.
-23155
What is 1489 (base 11) in base 7?
5401
Convert -1fdd (base 16) to base 6.
-101433
Convert 148 (base 15) to base 6.
1205
2543 (base 6) to base 7
1602
Convert -710 (base 12) to base 10.
-1020
-4c55 (base 15) to base 7
-65315
Convert 203230 (base 5) to base 12.
3a56
1100110011111 (base 2) to base 4
1212133
Convert -343 (base 13) to base 2.
-1000110010
Convert 984 (base 11) to base 12.
825
10111001101 (base 2) to base 16
5cd
What is -22411 (base 5) in base 2?
-11001000110
Convert -2382 (base 10) to base 5.
-34012
What is ab2 (base 16) in base 3?
10202102
What is -101110100011 (base 2) in base 13?
-1482
564 (base 7) to base 14
16b
98 (base 10) to base 14
70
What is -18d (base 14) in base 10?
-321
2b3 (base 14) to base 15
269
What is 2a640 (base 11) in base 10?
43362
Convert -2023012 (base 4) to base 12.
-519a
Convert -14c95 (base 15) to base 6.
-1234005
43124 (base 5) to base 7
11332
Convert 430 (base 6) to base 8.
242
What is 11 (base 10) in base 16?
b
-10111101100 (base 2) to base 7
-4264
What is -2680 (base 12) in base 13?
-2019
What is 3200 (base 5) in base 10?
425
Convert 8874 (base 11) to base 12.
6929
Convert -5026 (base 9) to base 11.
-2836
-1823 (base 9) to base 7
-4035
320133 (base 4) to base 10
3615
-102030 (base 4) to base 5
-14124
What is 4085 (base 9) in base 13?
1493
5549 (base 10) to base 6
41405
What is 214 (base 12) in base 2?
100110000
What is 544 (base 10) in base 5?
4134
-4183 (base 11) to base 3
-21121001
34202 (base 5) to base 6
15123
Convert 962 (base 11) to base 3.
112